
In base 12, what is -439a2498 + -5?
-439a24a1
In base 10, what is -24842 + -1344?
-26186
In base 12, what is -2 - -1550962?
1550960
In base 5, what is -301000442 - -3?
-301000434
In base 4, what is 1312122201100010 - -1?
1312122201100011
In base 3, what is -1201 + -110020120220100?
-110020120222001
In base 9, what is 148 - 30302?
-30143
In base 10, what is 11194 + -40170?
-28976
In base 13, what is -2 + -91a22c8?
-91a22ca
In base 7, what is -544400041 - -4?
-544400034
In base 5, what is 234 + 314134114?
314134403
In base 13, what is 106348b + 1?
106348c
In base 7, what is -20 + 23450345?
23450325
In base 14, what is b8 + 1b2145?
1b221d
In base 10, what is -77 - 349801?
-349878
In base 8, what is 155170 + 476?
155666
In base 8, what is 1004462 - -221?
1004703
In base 14, what is -746 + 379?
-3ab
In base 12, what is -943728 + -62?
-94378a
In base 14, what is 24107a + -a7?
240db3
In base 12, what is -1073ba14 + 5?
-1073ba0b
In base 9, what is 255 + -67781?
-67525
In base 3, what is 22020 + -1020201102012?
-1020201002222
In base 7, what is 16003554 + 0?
16003554
In base 10, what is -2170 - 8797?
-10967
In base 9, what is 273 + 87340?
87623
In base 7, what is 4361 + -113660?
-106266
In base 6, what is 122413 - -3233?
130050
In base 14, what is 0 + -35a35c8?
-35a35c8
In base 10, what is -1047042 + 0?
-1047042
In base 11, what is -148aa + 6476?
-9434
In base 14, what is -1161 - -182?
-dbd
In base 9, what is 1 + -63012535?
-63012534
In base 6, what is 3432043422 - -5?
3432043431
In base 8, what is 23577 - 50611?
-25012
In base 3, what is 10 - -1020021001020102?
1020021001020112
In base 12, what is 283b375 - 15?
283b360
In base 5, what is -203144 - 3141443?
-3400142
In base 9, what is -303162 - -137?
-303024
In base 2, what is 1010 - -11000011000111111011001?
11000011000111111100011
In base 11, what is a435376 + -4?
a435372
In base 2, what is -11010001001010111010111 - 110?
-11010001001010111011101
In base 12, what is -14319a + ba?
-1430a0
In base 16, what is 23fd + 1451?
384e
In base 6, what is -5321141221 - 13?
-5321141234
In base 11, what is -26a + -96271a?
-962989
In base 10, what is 5 - 849117?
-849112
In base 13, what is 13598 + -5ca?
12c9b
In base 4, what is 10 - -23212321022101?
23212321022111
In base 12, what is -1 + 5316b9?
5316b8
In base 4, what is -1011122 - -1321000?
303212
In base 5, what is -424411401304 + -4?
-424411401313
In base 14, what is -28656cb + -4?
-28656d1
In base 2, what is 1111001011011001011 - -10100100?
1111001011101101111
In base 10, what is -91036 - 842?
-91878
In base 4, what is 2023 - 1310110320?
-1310102231
In base 3, what is 201100111 - -12202?
201120020
In base 8, what is 65 - -1272274?
1272361
In base 11, what is 590385 + -246?
59013a
In base 11, what is 70713713 + 6?
70713719
In base 3, what is 11220110 + 2002000?
20222110
In base 15, what is -6 - 3e82aa?
-3e82b1
In base 9, what is 5 + -11246802?
-11246786
In base 9, what is -862600 + -25?
-862625
In base 9, what is 3 + -30218723?
-30218720
In base 4, what is 30000110 + -2203?
23331301
In base 8, what is -520707 + -475?
-521404
In base 14, what is -1031209 + -2?
-103120b
In base 4, what is -1221132 - -1303302?
22110
In base 2, what is 110001010101 - 100010110000010?
-11100100101101
In base 3, what is -1121 + 101211011200?
101211010002
In base 3, what is -1112 + -12012220112?
-12012222001
In base 8, what is -103405 + -25106?
-130513
In base 11, what is 2 + -849664?
-849662
In base 14, what is 106 + -bd670?
-bd568
In base 11, what is 27155 + -3384?
23881
In base 13, what is -5081530 + 2?
-508152b
In base 16, what is 294a + -144f?
14fb
In base 7, what is -4312500 - -234?
-4312233
In base 10, what is -587 - 81083?
-81670
In base 15, what is 2 + 1022807?
1022809
In base 14, what is -4088 + bd6?
-3292
In base 11, what is -a - 12813924?
-12813933
In base 9, what is -131 - 3614140?
-3614271
In base 15, what is 4 + -1381de62?
-1381de5d
In base 3, what is 10001 - 11201212002?
-11201202001
In base 6, what is 25 + 311321042?
311321111
In base 15, what is 10396 - -93e?
10cd5
In base 7, what is -2 - -1243442410?
1243442405
In base 16, what is -2e + -36c14?
-36c42
In base 6, what is -1 - 40323425?
-40323430
In base 11, what is 154a3 - 330?
15173
In base 6, what is -125011155 + 3?
-125011152
In base 7, what is -13 + -50354511?
-50354524
In base 3, what is 20002 + 12202121120?
12202211122
In base 6, what is 120504332 - 12?
120504320
In base 2, what is 1110101001100001 - -11001?
1110101001111010
In base 14, what is -17 - -12acb6b?
12acb54
In base 13, what is -446 - 3c83?
-43c9
In base 7, what is 26 + 111341535?
111341564
In base 12, what is 1 + -6a8893?
-6a8892
In base 13, what is 210600 + 13?
210613
In base 14, what is -10a7 - 3c27?
-4cd0
In base 15, what is -1d0e - 1b1?
-1ec0
In base 16, what is -3064 - 105?
-3169
In base 6, what is 31 + -215134310?
-215134235
In base 9, what is 33 - -22641?
22674
In base 10, what is -184898334 + 3?
-184898331
In base 8, what is -17777675 + -241?
-20000136
In base 2, what is -10100110 - -10001110000001100111?
10001101111111000001
In base 4, what is -30120 - -11033221?
11003101
In base 14, what is 74138a1 - -3?
74138a4
In base 9, what is 2 + -2085621?
-2085618
In base 15, what is -26e4dd + 2?
-26e4db
In base 2, what is 10010101101001000000001010110 + -100?
10010101101001000000001010010
In base 10, what is 4 + 10003011?
10003015
In base 14, what is 483bb30 + 0?
483bb30
In base 11, what is -342 - a6199?
-a6530
In base 4, what is -1202202221131 - -123?
-1202202221002
In base 8, what is 1447043 - 0?
1447043
In base 8, what is 11 - 60120132?
-60120121
In base 5, what is 12124 + 24333?
42012
In base 6, what is 5400344 - 1005?
5355335
In base 4, what is 10021121 - 301121?
3120000
In base 9, what is -41 - -28671125?
28671074
In base 12, what is 0 + -1868260?
-1868260
In base 8, what is -7205 - -31027?
21622
In base 2, what is 10000010000000100000010001100 - 101?
10000010000000100000010000111
In base 3, what is -22 - 222212222100112?
-222212222100211
In base 6, what is -102 - -35533104?
35533002
In base 2, what is 100 + 10001010100010101?
10001010100011001
In base 6, what is 4 + 44405450?
44405454
In base 12, what is 26 + 6829?
6853
In base 9, what is 283265180 - 4?
283265175
In base 3, what is -12 - 22001022121221112?
-22001022121221201
In base 11, what is 834 - 5428?
-46a4
In base 13, what is -7aa - b79a6?
-b8483
In base 3, what is -122210010102011 - 212?
-122210010110000
In base 7, what is -2100 + -14124416?
-14126516
In base 6, what is -13031422225 - 3?
-13031422232
In base 2, what is -111000011 + -10000001001111?
-10001000010010
In base 16, what is 4 + 5a2013?
5a2017
In base 10, what is 6 - 55167788?
-55167782
In base 11, what is 3130160 + -2?
3130159
In base 16, what is f + 6fd08?
6fd17
In base 9, what is 14 - -24014120?
24014134
In base 15, what is -10 - -e83e36?
e83e26
In base 5, what is -204324141040 - 4?
-204324141044
In base 9, what is 4685544 - -21?
4685565
In base 14, what is -400 - -13579?
13179
In base 9, what is -2 + -2801538?
-2801541
In base 11, what is 899484a1 - -4?
899484a5
In base 16, what is a + 7c67f?
7c689
In base 16, what is 197b47 - -1?
197b48
In base 5, what is -204 + -120012324?
-120013033
In base 12, what is -20957066 + -2?
-20957068
In base 15, what is 4707 - -720?
4e27
In base 11, what is -180a84 - -490?
-1805a4
In base 12, what is 69 - -5a07b?
5a128
In base 3, what is -22120010101212 - -100?
-22120010101112
In base 13, what is 2 - -141211?
141213
In base 13, what is 9 - 460579?
-460570
In base 11, what is 952 - 426a6?
-41854
In base 15, what is -d - -1e821d1?
1e821c3
In base 9, what is 7351 - 106848?
-88487
In base 6, what is -32041024243 + -3?
-32041024250
In base 10, what is 102297841 - -5?
102297846
In base 8, what is 1640 - 3604554?
-3602714
In base 8, what is 254056 - 51?
254005
In base 16, what is 1781e - -ab?
178c9
In base 3, what is -2001010 + -20111110201?
-20120111211
In base 13, what is -54a10 - -1a0?
-54840
In base 5, what is 220031342 + 223?
220032120
In base 10, what is 5362 - 35978?
-30616
In base 13, what is 14b91 + -3a91?
11100
In base 13, what is -104 - -43cb6?
43bb2
In base 8, what is 217240333 - 16?
217240315
In base 11, what is -647 - 11a7?
-1843
In base 2, what is 100000 + 1110000110000011010101?